{"id":1475,"date":"2022-10-17T12:43:03","date_gmt":"2022-10-17T10:43:03","guid":{"rendered":"http:\/\/houltz.lu\/?page_id=1475"},"modified":"2025-10-15T13:11:00","modified_gmt":"2025-10-15T11:11:00","slug":"beaujolaisowend","status":"publish","type":"page","link":"https:\/\/houltz.lu\/index.php\/i30\/beaujolaisowend\/","title":{"rendered":"Beaujolaisowend"},"content":{"rendered":"\t\t<div data-elementor-type=\"wp-page\" data-elementor-id=\"1475\" class=\"elementor elementor-1475\" data-elementor-post-type=\"page\">\n\t\t\t\t\t\t<section class=\"elementor-section elementor-top-section elementor-element elementor-element-6e411bf elementor-section-boxed elementor-section-height-default elementor-section-height-default\" data-id=\"6e411bf\" data-element_type=\"section\" data-e-type=\"section\">\n\t\t\t\t\t\t<div class=\"elementor-container elementor-column-gap-default\">\n\t\t\t\t\t<div class=\"elementor-column elementor-col-100 elementor-top-column elementor-element elementor-element-ad52113\" data-id=\"ad52113\" data-element_type=\"column\" data-e-type=\"column\">\n\t\t\t<div class=\"elementor-widget-wrap elementor-element-populated\">\n\t\t\t\t\t\t<div class=\"elementor-element elementor-element-0d6e2ec elementor-widget elementor-widget-heading\" data-id=\"0d6e2ec\" data-element_type=\"widget\" data-e-type=\"widget\" data-widget_type=\"heading.default\">\n\t\t\t\t<div class=\"elementor-widget-container\">\n\t\t\t\t\t<h2 class=\"elementor-heading-title elementor-size-default\">Beaujolaisowend 2025<\/h2>\t\t\t\t<\/div>\n\t\t\t\t<\/div>\n\t\t\t\t\t<\/div>\n\t\t<\/div>\n\t\t\t\t\t<\/div>\n\t\t<\/section>\n\t\t\t\t<section class=\"elementor-section elementor-top-section elementor-element elementor-element-ecf9db9 elementor-section-boxed elementor-section-height-default elementor-section-height-default\" data-id=\"ecf9db9\" data-element_type=\"section\" data-e-type=\"section\">\n\t\t\t\t\t\t<div class=\"elementor-container elementor-column-gap-default\">\n\t\t\t\t\t<div class=\"elementor-column elementor-col-100 elementor-top-column elementor-element elementor-element-49d1626\" data-id=\"49d1626\" data-element_type=\"column\" data-e-type=\"column\">\n\t\t\t<div class=\"elementor-widget-wrap elementor-element-populated\">\n\t\t\t\t\t\t<div class=\"elementor-element elementor-element-37ea8a4 elementor-widget elementor-widget-text-editor\" data-id=\"37ea8a4\" data-element_type=\"widget\" data-e-type=\"widget\" data-widget_type=\"text-editor.default\">\n\t\t\t\t<div class=\"elementor-widget-container\">\n\t\t\t\t\t\t\t\t\t<h1 style=\"margin: 0px; font-style: normal; font-variant-caps: normal; font-stretch: normal; font-size: 13px; line-height: normal; font-family: Helvetica; font-size-adjust: none; font-kerning: auto; font-variant-alternates: normal; font-variant-ligatures: normal; font-variant-numeric: normal; font-variant-east-asian: normal; font-variant-position: normal; font-feature-settings: normal; font-optical-sizing: auto; font-variation-settings: normal;\"><strong>ab 19h00 zerw\u00e9ieren m\u00e4r een K\u00e9is- oder<\/strong><\/h1><h1 style=\"margin: 0px; font-style: normal; font-variant-caps: normal; font-stretch: normal; font-size: 13px; line-height: normal; font-family: Helvetica; font-size-adjust: none; font-kerning: auto; font-variant-alternates: normal; font-variant-ligatures: normal; font-variant-numeric: normal; font-variant-east-asian: normal; font-variant-position: normal; font-feature-settings: normal; font-optical-sizing: auto; font-variation-settings: normal;\"><strong>Charcuterie-Teller mat engem Patt fir 24\u20ac<\/strong><\/h1><h1 style=\"margin: 0px; font-style: normal; font-variant-caps: normal; font-stretch: normal; font-size: 13px; line-height: normal; font-family: Helvetica; font-size-adjust: none; font-kerning: auto; font-variant-alternates: normal; font-variant-ligatures: normal; font-variant-numeric: normal; font-variant-east-asian: normal; font-variant-position: normal; font-feature-settings: normal; font-optical-sizing: auto; font-variation-settings: normal;\"><strong>Umeldung fir den Teller bis<\/strong><\/h1><h1 style=\"margin: 0px; font-style: normal; font-variant-caps: normal; font-stretch: normal; font-size: 13px; line-height: normal; font-family: Helvetica; font-size-adjust: none; font-kerning: auto; font-variant-alternates: normal; font-variant-ligatures: normal; font-variant-numeric: normal; font-variant-east-asian: normal; font-variant-position: normal; font-feature-settings: normal; font-optical-sizing: auto; font-variation-settings: normal;\"><strong>den 17.11.24 um Tel: 621 41 99 37 <span style=\"font-style: normal; font-variant-caps: normal; font-stretch: normal; font-size: 7px; line-height: normal; font-size-adjust: none; font-kerning: auto; font-variant-alternates: normal; font-variant-ligatures: normal; font-variant-numeric: normal; font-variant-east-asian: normal; font-variant-position: normal; font-feature-settings: normal; font-optical-sizing: auto; font-variation-settings: normal;\">(18h00-21h00)<\/span><\/strong><\/h1><p>\u00a0<\/p>\t\t\t\t\t\t\t\t<\/div>\n\t\t\t\t<\/div>\n\t\t\t\t\t<\/div>\n\t\t<\/div>\n\t\t\t\t\t<\/div>\n\t\t<\/section>\n\t\t\t\t<section class=\"elementor-section elementor-top-section elementor-element elementor-element-9033e73 elementor-section-boxed elementor-section-height-default elementor-section-height-default\" data-id=\"9033e73\" data-element_type=\"section\" data-e-type=\"section\">\n\t\t\t\t\t\t<div class=\"elementor-container elementor-column-gap-default\">\n\t\t\t\t\t<div class=\"elementor-column elementor-col-100 elementor-top-column elementor-element elementor-element-9c19637\" data-id=\"9c19637\" data-element_type=\"column\" data-e-type=\"column\">\n\t\t\t<div class=\"elementor-widget-wrap elementor-element-populated\">\n\t\t\t\t\t\t<div class=\"elementor-element elementor-element-c632b91 elementor-button-info elementor-align-center elementor-widget elementor-widget-button\" data-id=\"c632b91\" data-element_type=\"widget\" data-e-type=\"widget\" data-widget_type=\"button.default\">\n\t\t\t\t<div class=\"elementor-widget-container\">\n\t\t\t\t\t\t\t\t\t<div class=\"elementor-button-wrapper\">\n\t\t\t\t\t<a class=\"elementor-button elementor-button-link elementor-size-sm\" href=\"https:\/\/houltz.lu\/index.php\/i30\/beaujolaisowend\/beaujolaisowend-reservation\/\">\n\t\t\t\t\t\t<span class=\"elementor-button-content-wrapper\">\n\t\t\t\t\t\t\t\t\t<span class=\"elementor-button-text\">Reservatioun<\/span>\n\t\t\t\t\t<\/span>\n\t\t\t\t\t<\/a>\n\t\t\t\t<\/div>\n\t\t\t\t\t\t\t\t<\/div>\n\t\t\t\t<\/div>\n\t\t\t\t<div class=\"elementor-element elementor-element-73362b5 elementor-button-success elementor-align-center elementor-widget elementor-widget-button\" data-id=\"73362b5\" data-element_type=\"widget\" data-e-type=\"widget\" data-widget_type=\"button.default\">\n\t\t\t\t<div class=\"elementor-widget-container\">\n\t\t\t\t\t\t\t\t\t<div class=\"elementor-button-wrapper\">\n\t\t\t\t\t<a class=\"elementor-button elementor-button-link elementor-size-sm\" href=\"https:\/\/houltz.lu\/index.php\/i30\/beaujolaisowend\/beaujolaisowend-emporter\/\">\n\t\t\t\t\t\t<span class=\"elementor-button-content-wrapper\">\n\t\t\t\t\t\t\t\t\t<span class=\"elementor-button-text\">\u00c0 emporter<\/span>\n\t\t\t\t\t<\/span>\n\t\t\t\t\t<\/a>\n\t\t\t\t<\/div>\n\t\t\t\t\t\t\t\t<\/div>\n\t\t\t\t<\/div>\n\t\t\t\t<div class=\"elementor-element elementor-element-57acf04 elementor-button-warning elementor-align-center elementor-widget elementor-widget-button\" data-id=\"57acf04\" data-element_type=\"widget\" data-e-type=\"widget\" data-widget_type=\"button.default\">\n\t\t\t\t<div class=\"elementor-widget-container\">\n\t\t\t\t\t\t\t\t\t<div class=\"elementor-button-wrapper\">\n\t\t\t\t\t<a class=\"elementor-button elementor-button-link elementor-size-sm\" href=\"https:\/\/houltz.lu\/index.php\/i30\/beaujolaisowend\/beaujolaisowend-livraison\/\">\n\t\t\t\t\t\t<span class=\"elementor-button-content-wrapper\">\n\t\t\t\t\t\t\t\t\t<span class=\"elementor-button-text\">Livraison \u00e0 domicile<\/span>\n\t\t\t\t\t<\/span>\n\t\t\t\t\t<\/a>\n\t\t\t\t<\/div>\n\t\t\t\t\t\t\t\t<\/div>\n\t\t\t\t<\/div>\n\t\t\t\t<div class=\"elementor-element elementor-element-b4e8996 elementor-widget elementor-widget-image\" data-id=\"b4e8996\" data-element_type=\"widget\" data-e-type=\"widget\" data-widget_type=\"image.default\">\n\t\t\t\t<div class=\"elementor-widget-container\">\n\t\t\t\t\t\t\t\t\t\t\t\t\t\t\t<img fetchpriority=\"high\" decoding=\"async\" width=\"975\" height=\"1024\" src=\"https:\/\/i0.wp.com\/houltz.lu\/wp-content\/uploads\/2025\/10\/Flyer-2025-3.jpg?fit=975%2C1024&amp;ssl=1\" class=\"attachment-large size-large wp-image-4812\" alt=\"\" srcset=\"https:\/\/i0.wp.com\/houltz.lu\/wp-content\/uploads\/2025\/10\/Flyer-2025-3.jpg?w=2362&amp;ssl=1 2362w, https:\/\/i0.wp.com\/houltz.lu\/wp-content\/uploads\/2025\/10\/Flyer-2025-3.jpg?resize=286%2C300&amp;ssl=1 286w, https:\/\/i0.wp.com\/houltz.lu\/wp-content\/uploads\/2025\/10\/Flyer-2025-3.jpg?resize=975%2C1024&amp;ssl=1 975w, https:\/\/i0.wp.com\/houltz.lu\/wp-content\/uploads\/2025\/10\/Flyer-2025-3.jpg?resize=768%2C806&amp;ssl=1 768w, https:\/\/i0.wp.com\/houltz.lu\/wp-content\/uploads\/2025\/10\/Flyer-2025-3.jpg?resize=1463%2C1536&amp;ssl=1 1463w, https:\/\/i0.wp.com\/houltz.lu\/wp-content\/uploads\/2025\/10\/Flyer-2025-3.jpg?resize=1951%2C2048&amp;ssl=1 1951w, https:\/\/i0.wp.com\/houltz.lu\/wp-content\/uploads\/2025\/10\/Flyer-2025-3.jpg?resize=1000%2C1050&amp;ssl=1 1000w, https:\/\/i0.wp.com\/houltz.lu\/wp-content\/uploads\/2025\/10\/Flyer-2025-3.jpg?resize=230%2C241&amp;ssl=1 230w, https:\/\/i0.wp.com\/houltz.lu\/wp-content\/uploads\/2025\/10\/Flyer-2025-3.jpg?resize=350%2C367&amp;ssl=1 350w, https:\/\/i0.wp.com\/houltz.lu\/wp-content\/uploads\/2025\/10\/Flyer-2025-3.jpg?resize=480%2C504&amp;ssl=1 480w\" sizes=\"(max-width: 975px) 100vw, 975px\" \/>\t\t\t\t\t\t\t\t\t\t\t\t\t\t\t<\/div>\n\t\t\t\t<\/div>\n\t\t\t\t<div class=\"elementor-element elementor-element-4e03249 elementor-widget elementor-widget-image\" data-id=\"4e03249\" data-element_type=\"widget\" data-e-type=\"widget\" data-widget_type=\"image.default\">\n\t\t\t\t<div class=\"elementor-widget-container\">\n\t\t\t\t\t\t\t\t\t\t\t\t\t\t\t<img decoding=\"async\" width=\"975\" height=\"1024\" src=\"https:\/\/i0.wp.com\/houltz.lu\/wp-content\/uploads\/2025\/10\/Flyer-20252-4.jpg?fit=975%2C1024&amp;ssl=1\" class=\"attachment-large size-large wp-image-4804\" alt=\"\" srcset=\"https:\/\/i0.wp.com\/houltz.lu\/wp-content\/uploads\/2025\/10\/Flyer-20252-4.jpg?w=2362&amp;ssl=1 2362w, https:\/\/i0.wp.com\/houltz.lu\/wp-content\/uploads\/2025\/10\/Flyer-20252-4.jpg?resize=286%2C300&amp;ssl=1 286w, https:\/\/i0.wp.com\/houltz.lu\/wp-content\/uploads\/2025\/10\/Flyer-20252-4.jpg?resize=975%2C1024&amp;ssl=1 975w, https:\/\/i0.wp.com\/houltz.lu\/wp-content\/uploads\/2025\/10\/Flyer-20252-4.jpg?resize=768%2C806&amp;ssl=1 768w, https:\/\/i0.wp.com\/houltz.lu\/wp-content\/uploads\/2025\/10\/Flyer-20252-4.jpg?resize=1463%2C1536&amp;ssl=1 1463w, https:\/\/i0.wp.com\/houltz.lu\/wp-content\/uploads\/2025\/10\/Flyer-20252-4.jpg?resize=1951%2C2048&amp;ssl=1 1951w, https:\/\/i0.wp.com\/houltz.lu\/wp-content\/uploads\/2025\/10\/Flyer-20252-4.jpg?resize=1000%2C1050&amp;ssl=1 1000w, https:\/\/i0.wp.com\/houltz.lu\/wp-content\/uploads\/2025\/10\/Flyer-20252-4.jpg?resize=230%2C241&amp;ssl=1 230w, https:\/\/i0.wp.com\/houltz.lu\/wp-content\/uploads\/2025\/10\/Flyer-20252-4.jpg?resize=350%2C367&amp;ssl=1 350w, https:\/\/i0.wp.com\/houltz.lu\/wp-content\/uploads\/2025\/10\/Flyer-20252-4.jpg?resize=480%2C504&amp;ssl=1 480w\" sizes=\"(max-width: 975px) 100vw, 975px\" \/>\t\t\t\t\t\t\t\t\t\t\t\t\t\t\t<\/div>\n\t\t\t\t<\/div>\n\t\t\t\t\t<\/div>\n\t\t<\/div>\n\t\t\t\t\t<\/div>\n\t\t<\/section>\n\t\t\t\t<\/div>\n\t\t","protected":false},"excerpt":{"rendered":"<p>Beaujolaisowend 2025 ab 19h00 zerw\u00e9ieren m\u00e4r een K\u00e9is- oder Charcuterie-Teller mat engem Patt fir 24\u20ac Umeldung fir den Teller bis den 17.11.24 [&hellip;]<\/p>\n","protected":false},"author":1,"featured_media":0,"parent":17,"menu_order":0,"comment_status":"closed","ping_status":"closed","template":"elementor_header_footer","meta":{"jetpack_post_was_ever_published":false,"footnotes":""},"class_list":["post-1475","page","type-page","status-publish","hentry"],"jetpack_sharing_enabled":true,"jetpack_shortlink":"https:\/\/wp.me\/PaSRtH-nN","_links":{"self":[{"href":"https:\/\/houltz.lu\/index.php\/wp-json\/wp\/v2\/pages\/1475","targetHints":{"allow":["GET"]}}],"collection":[{"href":"https:\/\/houltz.lu\/index.php\/wp-json\/wp\/v2\/pages"}],"about":[{"href":"https:\/\/houltz.lu\/index.php\/wp-json\/wp\/v2\/types\/page"}],"author":[{"embeddable":true,"href":"https:\/\/houltz.lu\/index.php\/wp-json\/wp\/v2\/users\/1"}],"replies":[{"embeddable":true,"href":"https:\/\/houltz.lu\/index.php\/wp-json\/wp\/v2\/comments?post=1475"}],"version-history":[{"count":88,"href":"https:\/\/houltz.lu\/index.php\/wp-json\/wp\/v2\/pages\/1475\/revisions"}],"predecessor-version":[{"id":4815,"href":"https:\/\/houltz.lu\/index.php\/wp-json\/wp\/v2\/pages\/1475\/revisions\/4815"}],"up":[{"embeddable":true,"href":"https:\/\/houltz.lu\/index.php\/wp-json\/wp\/v2\/pages\/17"}],"wp:attachment":[{"href":"https:\/\/houltz.lu\/index.php\/wp-json\/wp\/v2\/media?parent=1475"}],"curies":[{"name":"wp","href":"https:\/\/api.w.org\/{rel}","templated":true}]}}